t i(m) = 2*m**2 - 2*m. Calculate i(d).
4
Let s(n) be the second derivative of n**5/2 + n**4/12 - n**2/2 + 6*n. Calculate s(1).
10
Let n(j) = -j - 6. Suppose 4*b = 2*b + 10. Suppose -b = 5*c - 0*c. Let f be c/(4/10)*2. Determine n(f).
-1
Let d = -2 + -1. Let p be -3 - d*6/9. Let x(k) = -5*k**2 - k - 1. Determine x(p).
-5
Let j(z) be the third derivative of -z**5/60 + 5*z**4/24 + z**3/6 - 2*z**2. Let v(y) = y + 5. Let o be v(0). Suppose 0 = o*n - 6 - 19. Give j(n).
1
Let h be (4 - 14)*2/4. Let b(z) = -z**2 - 5*z. Let t be b(h). Let n(y) = y**2 + y + 10. Give n(t).
10
Suppose -v - 4 = -8. Let q = v - 1. Let j(l) = -3*l - 1. Calculate j(q).
-10
Let o(q) = -q**3 - 3*q**2 + 5*q + 1. Let b = 49 - 53. Calculate o(b).
-3
Let n(q) be the second derivative of 0*q**2 + 0 - q - 2/3*q**3. Calculate n(1).
-4
Let j = 4 + -2. Let r(g) = -j + 1 + 0*g - 2*g**2 - g. What is r(-2)?
-7
Let c(w) = -w + 17. Let v be c(15). Suppose -s + 0 + v = 0. Let t(z) be the third derivative of z**6/60 - z**5/20 + z**4/12 - z**3/3 - z**2. What is t(s)?
6
Let h(t) = -t**3 - 2*t**2 + t. Let w = -3 + 4. Suppose 2 = -5*m + r - 3, r + w = 2*m. Give h(m).
-2
Let j be (1 - -2)/((-15)/10). Let x be ((-1)/j)/(1/2). Let r(k) = k**3 + x - k**2 - 2 - 8. Calculate r(0).
-9
Suppose -23 = 3*n + 4*s, -31 = -2*n + 7*n + 3*s. Let x = n + 7. Let m(w) = w**3 - 3*w**2 + 2*w - 1. Calculate m(x).
-1
Suppose -3*s = -s - 4*z + 4, 0 = -3*z + 9. Suppose -5*u = -3*v - 7, 0 = -2*v + s*v + 3*u - 8. Let l(y) = -10*y**2 + 1. Determine l(v).
-9
Let m(r) = -r - 5. Suppose 10 = -3*y - 8. Let x be (-2)/3 - 4/y. Calculate m(x).
-5
Let a(k) = k - 2 + k - k**2 + 0*k. Let p be 3/(1 + 2/4). Determine a(p).
-2
Let h(g) = 0*g - 2*g - 6*g**3 + 6*g + 5*g**3 + g**2. Let d(i) = -i**2 - 4*i + 3. Let u be d(-4). Determine h(u).
-6
Let l be ((-4)/14 + (-50)/70)*-4. Let r(c) = -c**2 + 4*c - 3. Calculate r(l).
-3
Let j be 2/4 - (15/(-2))/(-1). Let t(r) = r**2 + 6*r. Determine t(j).
7
Suppose 5*j = 12*j + 21. Let s(b) = -b**2 - 5*b + 1. Calculate s(j).
7
Let z(b) = 5 - 2 - 5*b - 3*b - 21*b. Let p(i) = -10*i + 1. Let h(a) = 17*p(a) - 6*z(a). Determine h(1).
3
Let i be (-5)/(30/(-8))*27/6. Let z(r) = -r**2 + 5*r + 7. Determine z(i).
1
Let m(t) = t**3 - 4*t**2 + 0*t**2 - t**2 - 3. Let l(w) = -w + 2*w - 2*w + 4 - 6. Let r be l(-7). Calculate m(r).
-3
Let u(q) be the first derivative of q**4/2 + q**3 + 3*q**2/2 - 3. Give u(-2).
-10
Let d(z) be the second derivative of 7*z**3/6 + z**2/2 + 22*z. Suppose -4*b + 5*m = -21, -4*m - m - 24 = -b. Give d(b).
-6
Let v(x) = -x**3 - 6*x**2 - 7*x - 7. Let z(g) = g - 2. Let u be z(7). Let n be 2/u + (-108)/20. Determine v(n).
3
Let s = 2 - 7. Let y be s + (-5)/(15/(-6)). Let j(b) = -b**3 - 4*b**2 - 2*b + 2. What is j(y)?
-1
Let m be (-3 + 1 + 2)/1. Let h(y) = -4*y**2 - y + 0*y**2 + 5*y**2 + 0*y**2. Give h(m).
0
Let x(f) = 1 + 4*f - 5*f + 10*f + 8*f. Let m be (-24)/16 + 5/2. What is x(m)?
18
Let s(w) = -w**2 + 3*w + 3. Let y be s(3). Suppose 0 = y*f - 11 + 2. Let j(d) be the second derivative of d**4/12 - d**3/2 - 2*d**2 + d. Determine j(f).
-4
Let s(y) = y**3 + 8*y**2 + 3*y + 1. Let a(w) = -2*w**3 - 15*w**2 - 6*w - 2. Let t = 3 - -8. Let u(d) = t*s(d) + 6*a(d). Calculate u(-2).
5
Let n be 0/(-1)*4/8. Suppose n = -3*k + 12 - 0. Let v(f) = f + k + 0 - 3 - 2*f. Determine v(1).
0
Let c = -3 + -2. Let r(d) be the second derivative of -d**4/12 - d**3 - 5*d**2/2 - d. Give r(c).
0
Let q(b) = 10*b - 1. Let u = -5 + 6. Let w(t) = 9*t**3 + 2*t**2 - t. Let o be w(u). Suppose -4*k + 2*d + 6 = d, -5*d = o. What is q(k)?
9
Let q(y) = 0*y + y + 9 - 4 - y**2 - 9*y. Calculate q(-8).
5
Let x(k) = 1. Let y(l) = 3*l - 6. Let c(w) = -6*x(w) - y(w). Calculate c(-2).
6
Let f(g) = g**3 - 13*g**2 + 12*g - 5. Let l be f(12). Let t(s) = -2*s + 1. Give t(l).
11
Let t(c) = -2 + 0 - c**3 + 4*c**2 + 0*c**2 - 7*c**2 - 3*c. Determine t(-2).
0
Let b(c) = -c**2 - 3*c + 1. Let x be ((-8)/12 + 0)*6. Determine b(x).
-3
Suppose f + 2 = 2*f. Let u(l) = l + 3. Let a be u(0). Let m(v) = -f*v**2 + v**2 - a*v - 2 + 9*v. Give m(5).
3
Suppose w = -105 + 107. Let m(i) be the third derivative of i**4/8 + i**3/6 - i**2. What is m(w)?
7
Suppose 3*i - 5*w - 43 = 0, 0*i + w - 1 = -i. Let f(r) = -5 + 14*r**3 - 8*r**3 + i. Calculate f(-1).
-5
Let k(c) = 1 + 5 + 7*c**2 + c**3 - 3 + 4*c + 3*c. Give k(-6).
-3
Let p(v) be the second derivative of v**4/12 + v**3/2 + v**2/2 - 12*v. Determine p(-2).
-1
Let y(i) be the second derivative of i**3/2 + 3*i**2/2 + 7*i. Suppose 4*h + 8 = -0*h. Calculate y(h).
-3
Suppose -d + 1 = -0*d. Let o(a) = 11*a - 1. Determine o(d).
10
Let i(r) = 2 - 2*r - r**3 - 22*r**2 + 5*r**2 + 13*r**2. Determine i(-2).
-2
Let y(n) = -7*n - 3. Let g(w) = 16*w + 3. Let j(o) = -15*o - 4. Let m(a) = 2*g(a) + 3*j(a). Let i(x) = -6*m(x) + 11*y(x). Let d = 1 + -4. Give i(d).
0
Let z be (-8 - -8)*(-2)/(-4). Let f(u) be the second derivative of -1/6*u**3 + 0*u**2 + 0 + u. What is f(z)?
0
Let d(s) = s**3 + 2*s**2 - 7*s - 8. Let y be d(-3). Let m(i) = -3*i + 5. Give m(y).
-7
Let k(y) = y - 13 + 20 - 6 - 3*y**2. Give k(-1).
-3
Let m(q) = -3*q**2 + 4*q - 3. Suppose 3*f + 36 = f. Let z = f - -20. Give m(z).
-7
Let k be 2*-2 - 10/(-5). Let v be 3*1/(-6)*k. Let f(m) = 32*m + 14. Let r(x) = 11*x + 5. Let g(s) = 4*f(s) - 11*r(s). What is g(v)?
8
Suppose 5*n = -4*p + 28, 5*p - 11 - 3 = -n. Let v(c) = -c - 2. Calculate v(p).
-4
Let c(j) = 5 - 4 - 3 + 8 - j**3. Suppose 4*x = -g, -3*x = -0*g - 4*g. Calculate c(g).
6
Suppose 1 = -0*o - o. Let x = o + 3. Let j(v) = 6*v - v + 0*v**x - v**2. Calculate j(5).
0
Let j(g) = -4*g**2 + 19*g - 15. Suppose 6 = -0*s - s + 4*x, 0 = 3*s - 3*x. Let o(q) = q**2 - 6*q + 5. Let f = 8 + -1. Let m(a) = f*o(a) + s*j(a). Give m(-5).
0
Let k(y) = y**3 - 10*y**2 + 8*y + 11. Let r be k(9). Let d(v) = r - v + 4 - 4. Calculate d(-5).
7
Let q(s) = -4*s**2 - 2*s + 2. Let n(z) = z**2 + z. Let a(i) = -3*n(i) - q(i). What is a(5)?
18
Let o(k) = -2*k + 1. Let x = -2 + 3. Let z(c) = -7. Let m(y) = -6. Let r(u) = 6*m(u) - 5*z(u). Let l(q) = x*o(q) - 3*r(q). Determine l(3).
-2
Let o(t) = t**2 + 5*t + 3. Let c(l) = l**2 + 6*l + 3. Let q = 5 - 0. Let k be (-3)/6*q*2. Let p be c(k). Determine o(p).
-3
Let n(q) = -q - 2. Suppose 3*v + 4*z = 5, v + 2*z + 1 = -4*v. Determine n(v).
-1
Let m = -1 - -2. Let n(d) = 16*d**2 - 2*d + 15. Let g(y) = 8*y**2 - y + 7. Let a(v) = 13*g(v) - 6*n(v). Determine a(m).
8
Suppose -3*m = 4*u - 9 - 16, -2*u - 5*m + 23 = 0. Let v(d) be the first derivative of 0*d + d**u + 2/3*d**3 - 1/2*d**2 - 1. What is v(1)?
5
Let x(s) = s**2 - 5*s + 2. Let f be (-21)/(-7) - (-2 + 3). Suppose 15 = -f*b + 7*b. What is x(b)?
-4
Suppose 0*r + 4 = 4*a - r, 2*r = 2*a - 2. Let u(x) = -1 + a + x. What is u(5)?
5
Let m(c) = 32*c**3 - 13*c**3 - 12*c**3. Suppose 2*k = 2*a + 4, -3*k + 2*a = 4*a - 6. Suppose -6*d = -2*d - k*i + 2, d = i - 2. Give m(d).
7
Let a(q) be the first derivative of q**3/3 + q**2/2 - 2*q - 3. Determine a(-3).
4
Suppose 4 = 2*f - 2. Let i(v) = -v**2 + v + 1. Determine i(f).
-5
Let a be 2 - (0 + -1)*-1. Let b(k) = 3*k - k - a - 3*k + k**2. Let j(i) = i**3 + 2*i**2 - i - 2. Let m be j(-2). Determine b(m).
-1
Let o(q) = q**2 + 4*q + 5. Let b(p) = 7*p - 4*p**2 + 4 + 0 - 4*p + 5*p**2. Let z(s) = -5*b(s) + 4*o(s). Determine z(1).
0
Let o(b) = b. Suppose -2*r + 3*a = 8, -4*a + 0*a = -2*r - 12. Suppose -m = -r*m - 6. What is o(m)?
-6
Suppose 16*l + 4 = 18*l. Let p(h) = -h**2 + h + 1. What is p(l)?
-1
Let h be 4 + -1 + -3 - -1. Let r(j) = 1 + 0 - 3. Let x(p) = -p - 1. Let k(y) = -r(y) + x(y). Determine k(h).
0
Let n(v) = 11*v**3 - 7*v**2 + v - 7. Let i(a) = -5*a**3 + 3*a**2 + 3. Let p(w) = -5*i(w) - 2*n(w). Give p(-1).
-3
Let v be (24/20)/(2/10). Let y be 4/v + (-17)/3. Let r(j) = j**3 + j**2 - 1. Let x(m) = -4*m**2 - 7. Let h(g) = -r(g) + x(g). Determine h(y).
-6
Let i(o) = o**3 + 2*o**2 - o + 1. Let q(x) = x**2 + 7*x + 4. Let k(c) = -c**3 - 3*c**2 + c - 3. Let n be k(-3). Let d be q(n). Give i(d).
3
Suppose -7 + 9 = 2*u. Let k(o) = -o**2 + o. Give k(u).
0
Let t(f) = -f**2 + 4*f + 3. Suppose 3*u - 3*y = 18, -y - 30 = -3*u - 2*u. Calculate t(u).
-9
Let q(h) = h**2 + 8*h - 3*h**3 - 1 + 2*h**2 + 3*h**2 + 2*h**3. Let a(i) = 2*i**3 - 11*i**2 - 15*i + 2. Let c(v) = -3*a(v) - 5*q(v). Determine c(4).
3
Suppose o + 5 = 2*o. Suppose 3*n - 4*r 